 and 357.
119
Calculate the greatest common factor of 34813020 and 528.
132
Calculate the greatest common divisor of 1473 and 156539147.
491
Calculate the greatest common divisor of 40018 and 9422369.
187
What is the greatest common factor of 53999 and 385?
11
What is the highest common factor of 74020479 and 22659?
3237
Calculate the highest common divisor of 58782 and 6897573.
291
What is the greatest common divisor of 26114865 and 2130?
1065
Calculate the highest common factor of 84 and 184318428.
84
Calculate the highest common divisor of 5746542 and 1926.
642
Calculate the greatest common factor of 304767 and 1233.
9
Calculate the greatest common factor of 17594 and 7561253.
463
What is the highest common divisor of 31 and 235919393?
31
What is the highest common divisor of 51935207 and 1021?
1021
Calculate the greatest common factor of 241805889 and 117.
117
Calculate the greatest common divisor of 1548 and 19466100.
1548
What is the highest common factor of 50850 and 8572406?
226
What is the greatest common divisor of 3200 and 50558720?
640
What is the greatest common factor of 25694 and 485518?
58
What is the greatest common divisor of 601 and 91530497?
601
Calculate the greatest common factor of 25178368 and 236.
236
Calculate the highest common divisor of 208 and 18080504.
104
Calculate the highest common divisor of 258533329 and 43.
43
Calculate the greatest common factor of 106619235 and 195.
15
Calculate the greatest common divisor of 1415 and 444611395.
1415
What is the highest common divisor of 401172026 and 9890?
1978
Calculate the highest common divisor of 1075775 and 407.
37
What is the greatest common divisor of 7986 and 93291?
363
What is the highest common divisor of 690 and 251385492?
138
What is the highest common factor of 251596 and 34844?
124
What is the greatest common factor of 21522 and 712368?
102
What is the greatest common factor of 9038 and 886?
2
What is the highest common divisor of 658310 and 200?
10
What is the highest common divisor of 109474504 and 304?
152
What is the highest common factor of 22865568 and 8496?
2832
Calculate the highest common divisor of 120374308 and 916.
916
What is the greatest common divisor of 199580 and 135048?
68
Calculate the greatest common factor of 5793 and 1264308733.
1931
Calculate the greatest common divisor of 144228 and 1020.
204
Calculate the greatest common divisor of 5332600 and 32.
8
What is the highest common divisor of 43488 and 794411?
151
Calculate the greatest common divisor of 1535 and 1898354455.
1535
Calculate the highest common divisor of 570 and 75822730.
190
Calculate the greatest common factor of 26 and 13508534.
26
What is the greatest common factor of 56776606 and 116?
58
Calculate the greatest common factor of 3383001 and 198.
9
What is the highest common factor of 7621602 and 897?
69
Calculate the greatest common divisor of 12716 and 510.
34
Calculate the greatest common divisor of 97563 and 1377.
51
What is the greatest common divisor of 10022996 and 68?
68
Calculate the highest common divisor of 28029 and 81.
3
What is the greatest common factor of 128202 and 81006942?
5574
Calculate the highest common divisor of 46813525 and 264.
11
What is the greatest common divisor of 12952688 and 224?
112
What is the greatest common factor of 45406 and 59401?
311
What is the highest common divisor of 5781236 and 29056?
908
What is the highest common divisor of 5129934 and 24?
6
Calculate the highest common divisor of 105306400 and 425.
25
Calculate the highest common divisor of 117 and 1415817.
117
What is the highest common divisor of 1037177 and 21853?
1681
What is the greatest common divisor of 515 and 81394720?
515
Calculate the greatest common factor of 816 and 337688.
136
Calculate the greatest common factor of 56664152 and 77272.
5944
What is the greatest common divisor of 98103180 and 760?
20
Calculate the greatest common divisor of 768681072 and 774.
774
What is the highest common divisor of 985147 and 34219?
1801
Calculate the highest common factor of 1749 and 550869.
33
What is the greatest common factor of 3803373 and 1278522?
4599
Calculate the greatest common divisor of 32844460 and 20.
20
Calculate the greatest common divisor of 2865294 and 5670.
162
What is the highest common factor of 7006851 and 2241?
27
What is the highest common factor of 53 and 26935819?
53
Calculate the highest common factor of 21440 and 9640.
40
What is the highest common divisor of 4309776 and 117?
9
Calculate the greatest common divisor of 147147 and 205457.
343
Calculate the highest common divisor of 2122029 and 3.
3
Calculate the highest common divisor of 179937 and 39.
3
What is the greatest common divisor of 160592 and 1104?
16
What is the greatest common factor of 43659 and 18651303?
891
Calculate the greatest common divisor of 248706075 and 562.
281
Calculate the greatest common divisor of 2406956 and 1168.
292
What is the highest common divisor of 428 and 18669574?
214
What is the greatest common factor of 4300433 and 17196?
1433
What is the greatest common factor of 116919 and 235019?
1181
Calculate the greatest common factor of 2354800 and 492275.
5075
What is the greatest common divisor of 4830 and 1757798?
322
What is the highest common divisor of 468 and 24196354?
26
What is the greatest common divisor of 9675892 and 159?
53
Calculate the highest common factor of 740938 and 32.
2
Calculate the highest common divisor of 1442 and 585802.
14
Calculate the greatest common divisor of 13435998 and 18.
6
What is the greatest common divisor of 117957858 and 1806?
258
What is the highest common divisor of 466 and 37490399?
233
What is the highest common divisor of 82901 and 7462?
91
Calculate the greatest common divisor of 22572 and 4463052.
132
Calculate the highest common factor of 40 and 745396080.
40
Calculate the greatest common factor of 43062510 and 78.
6
Calculate the greatest common factor of 1459216 and 8272.
176
What is the highest common factor of 9274860 and 1404?
36
Calculate the highest common divisor of 80 and 708849420.
20
Calculate the greatest common factor of 338 and 339118.
26
Calculate the greatest common factor of 17415 and 17197515.
405
What is the greatest common divisor of 749 and 703097?
107
What is the greatest common factor of 1590745 and 130?
65
What is the highest common divisor of 50326 and 1066?
2
Calculate the greatest common factor of 160076912 and 236.
236
Calculate the highest common factor of 48 and 8342020.
4
Calculate the greatest common divisor of 2102 and 111562599.
1051
What is the highest common divisor of 3884007 and 255?
51
What is the greatest common factor of 5820 and 246526470?
2910
Calculate the highest common factor of 10812 and 61318456.
3604
Calculate the highest common divisor of 547875 and 121263.
1461
Calculate the highest common factor of 1728320 and 6270.
110
What is the greatest common factor of 1588 and 580847524?
1588
Calculate the greatest common factor of 2086335 and 77958.
639
What is the highest common factor of 150384 and 77857?
13
What is the greatest common factor of 390016 and 4503466?
6094
Calculate the highest common factor of 146006982 and 38.
38
What is the highest common divisor of 10358887 and 44?
11
What is the greatest common factor of 964575744 and 4608?
1536
What is the highest common factor of 248040 and 158040?
360
What is the greatest common factor of 268463082 and 578?
578
Calculate the greatest common factor of 21838871 and 388.
97
What is the highest common divisor of 175200 and 188924?
292
What is the greatest common divisor of 1860 and 4839348?
372
What is the highest common divisor of 36291024 and 2268?
756
What is the greatest common factor of 4314386 and 14?
2
Calculate the highest common factor of 334 and 8336.
2
What is the greatest common divisor of 208584524 and 4?
4
Calculate the highest common factor of 4018512 and 11328.
48
What is the greatest common factor of 105435 and 2725335?
3195
Calculate the highest common divisor of 14586 and 24453.
429
Calculate the highest common factor of 16337080 and 265.
5
Calculate the greatest common divisor of 741576 and 492.
12
Calculate the greatest common divisor of 419597523 and 27.
27
What is the highest common divisor of 172068